{"id":52391,"date":"2024-02-11T01:19:29","date_gmt":"2024-02-11T00:19:29","guid":{"rendered":"https:\/\/ecommerce.lafrabricadeemprendimientos.es\/index.php\/producto\/124180\/"},"modified":"2024-02-11T01:19:43","modified_gmt":"2024-02-11T00:19:43","slug":"124180","status":"publish","type":"product","link":"https:\/\/ecommerce.lafrabricadeemprendimientos.es\/index.php\/producto\/124180\/","title":{"rendered":"Cable de carga 5 en 1 \u00abVersatile\u00bb"},"content":{"rendered":"<p>Cable de carga de nylon trenzado con cinco conectores: entrada de tipo C, entrada USB-A, salida de tipo C, salida para Apple\u00ae iOS y salida micro USB. Esto permite utilizar el cable tambi\u00e9n con dispositivos de salida tipo C que se incluyen en la nueva generaci\u00f3n de tel\u00e9fonos y ordenadores MacBook. La longitud del cable es de 100\u00a0cm. La salida del extremo es de 2 en 1 de hasta 2A. Salida de tipo C de corriente hasta 3A.<br \/>\n<\/br><\/p>\n","protected":false},"excerpt":{"rendered":"<p>Cable de carga 5 en 1 \u00abVersatile\u00bb<\/p>\n","protected":false},"featured_media":52395,"comment_status":"closed","ping_status":"open","template":"","meta":[],"product_cat":[2884,2632],"product_tag":[797,938,878,901,1747],"_links":{"self":[{"href":"https:\/\/ecommerce.lafrabricadeemprendimientos.es\/index.php\/wp-json\/wp\/v2\/product\/52391"}],"collection":[{"href":"https:\/\/ecommerce.lafrabricadeemprendimientos.es\/index.php\/wp-json\/wp\/v2\/product"}],"about":[{"href":"https:\/\/ecommerce.lafrabricadeemprendimientos.es\/index.php\/wp-json\/wp\/v2\/types\/product"}],"replies":[{"embeddable":true,"href":"https:\/\/ecommerce.lafrabricadeemprendimientos.es\/index.php\/wp-json\/wp\/v2\/comments?post=52391"}],"wp:featuredmedia":[{"embeddable":true,"href":"https:\/\/ecommerce.lafrabricadeemprendimientos.es\/index.php\/wp-json\/wp\/v2\/media\/52395"}],"wp:attachment":[{"href":"https:\/\/ecommerce.lafrabricadeemprendimientos.es\/index.php\/wp-json\/wp\/v2\/media?parent=52391"}],"wp:term":[{"taxonomy":"product_cat","embeddable":true,"href":"https:\/\/ecommerce.lafrabricadeemprendimientos.es\/index.php\/wp-json\/wp\/v2\/product_cat?post=52391"},{"taxonomy":"product_tag","embeddable":true,"href":"https:\/\/ecommerce.lafrabricadeemprendimientos.es\/index.php\/wp-json\/wp\/v2\/product_tag?post=52391"}],"curies":[{"name":"wp","href":"https:\/\/api.w.org\/{rel}","templated":true}]}}

<p>Cable de carga de nylon trenzado con cinco conectores: entrada de tipo C, entrada USB-A, salida de tipo C, salida para Apple® iOS y salida micro USB. Esto permite utilizar el cable también con dispositivos de salida tipo C que se incluyen en la nueva generación de teléfonos y ordenadores MacBook. La longitud del cable es de 100 cm. La salida del extremo es de 2 en 1 de hasta 2A. Salida de tipo C de corriente hasta 3A.<br />
</br></p>
